{"id":48,"date":"2018-04-13T10:35:16","date_gmt":"2018-04-13T10:35:16","guid":{"rendered":"http:\/\/summer3p.concordsoft.com\/?page_id=48"},"modified":"2018-04-22T21:33:38","modified_gmt":"2018-04-22T21:33:38","slug":"summer3p-kampanje","status":"publish","type":"page","link":"https:\/\/summer3p.org\/en\/festivalski-program\/summer3p-kampanje\/","title":{"rendered":"Summer3p campaigns"},"content":{"rendered":"<section class=\"wpb-content-wrapper\"><div class=\"vc_row wpb_row vc_row-fluid tpath-vc-section bg-style tpath-standard bg-shapecolor-tpath-standard\"><div class=\"tpath-row-inner-wrapper\"><div class=\"container\"><div class=\"row\"><div class=\"wpb_column vc_main_column vc_column_container vc_col-sm-12 typo-default\"><div class=\"tpath-column-inner-wrapper vc_column-inner bg-style column-bg-default\"><div class=\"wpb_wrapper\"><div class=\"wpb_images_carousel wpb_content_element vc_clearfix\"><div class=\"wpb_wrapper\"><div id=\"vc_images-carousel-1-1777798678\" data-ride=\"vc_carousel\" data-wrap=\"false\" style=\"width: 100%;\" data-interval=\"0\" data-auto-height=\"yes\" data-mode=\"horizontal\" data-partial=\"false\" data-per-view=\"1\" data-hide-on-end=\"true\" class=\"vc_slide vc_images_carousel\"><ol class=\"vc_carousel-indicators\"><li data-target=\"#vc_images-carousel-1-1777798678\" data-slide-to=\"0\"><\/li><li data-target=\"#vc_images-carousel-1-1777798678\" data-slide-to=\"1\"><\/li><li data-target=\"#vc_images-carousel-1-1777798678\" data-slide-to=\"2\"><\/li><\/ol><div class=\"vc_carousel-inner\"><div class=\"vc_carousel-slideline\"><div class=\"vc_carousel-slideline-inner\"><div class=\"vc_item\"><div class=\"vc_inner\"><a class=\"\" href=\"https:\/\/summer3p.org\/wp-content\/uploads\/2018\/04\/ocistimo-jezero.jpg\" data-lightbox=\"lightbox[rel-48-3023693437]\" data-rel=\"lightbox-image-bGlnaHRib3gtaW1hZ2UtMA==\" data-rl_title=\"\" data-rl_caption=\"\"><img loading=\"lazy\" decoding=\"async\" width=\"960\" height=\"640\" src=\"https:\/\/summer3p.org\/wp-content\/uploads\/2018\/04\/ocistimo-jezero.jpg\" class=\"attachment-full\" alt=\"\" title=\"\" srcset=\"https:\/\/summer3p.org\/wp-content\/uploads\/2018\/04\/ocistimo-jezero.jpg 960w, https:\/\/summer3p.org\/wp-content\/uploads\/2018\/04\/ocistimo-jezero-300x200.jpg 300w, https:\/\/summer3p.org\/wp-content\/uploads\/2018\/04\/ocistimo-jezero-768x512.jpg 768w\" sizes=\"auto, (max-width: 960px) 100vw, 960px\" \/><\/a><\/div><\/div><div class=\"vc_item\"><div class=\"vc_inner\"><a class=\"\" href=\"https:\/\/summer3p.org\/wp-content\/uploads\/2018\/04\/stop-nasilju.jpg\" data-lightbox=\"lightbox[rel-48-3023693437]\" data-rel=\"lightbox-image-bGlnaHRib3gtaW1hZ2UtMQ==\" data-rl_title=\"\" data-rl_caption=\"\"><img loading=\"lazy\" decoding=\"async\" width=\"960\" height=\"618\" src=\"https:\/\/summer3p.org\/wp-content\/uploads\/2018\/04\/stop-nasilju.jpg\" class=\"attachment-full\" alt=\"\" title=\"\" srcset=\"https:\/\/summer3p.org\/wp-content\/uploads\/2018\/04\/stop-nasilju.jpg 960w, https:\/\/summer3p.org\/wp-content\/uploads\/2018\/04\/stop-nasilju-300x193.jpg 300w, https:\/\/summer3p.org\/wp-content\/uploads\/2018\/04\/stop-nasilju-768x494.jpg 768w\" sizes=\"auto, (max-width: 960px) 100vw, 960px\" \/><\/a><\/div><\/div><div class=\"vc_item\"><div class=\"vc_inner\"><a class=\"\" href=\"https:\/\/summer3p.org\/wp-content\/uploads\/2018\/04\/60-1024x683.jpg\" data-lightbox=\"lightbox[rel-48-3023693437]\" data-rel=\"lightbox-image-bGlnaHRib3gtaW1hZ2UtMg==\" data-rl_title=\"\" data-rl_caption=\"\"><img loading=\"lazy\" decoding=\"async\" width=\"1024\" height=\"683\" src=\"https:\/\/summer3p.org\/wp-content\/uploads\/2018\/04\/60.jpg\" class=\"attachment-full\" alt=\"\" title=\"\" srcset=\"https:\/\/summer3p.org\/wp-content\/uploads\/2018\/04\/60.jpg 1024w, https:\/\/summer3p.org\/wp-content\/uploads\/2018\/04\/60-300x200.jpg 300w, https:\/\/summer3p.org\/wp-content\/uploads\/2018\/04\/60-768x512.jpg 768w\" sizes=\"auto, (max-width: 1024px) 100vw, 1024px\" \/><\/a><\/div><\/div><\/div><\/div><\/div><a class=\"vc_left vc_carousel-control\" href=\"#vc_images-carousel-1-1777798678\" data-slide=\"prev\"><span class=\"icon-prev\"><\/span><\/a><a class=\"vc_right vc_carousel-control\" href=\"#vc_images-carousel-1-1777798678\" data-slide=\"next\"><span class=\"icon-next\"><\/span><\/a><\/div><\/div><\/div><\/div><\/div><\/div><\/div><\/div><\/div><\/div><div class=\"vc_row wpb_row vc_row-fluid tpath-vc-section bg-style tpath-standard bg-shapecolor-tpath-standard\"><div class=\"tpath-row-inner-wrapper\"><div class=\"container\"><div class=\"row\"><div class=\"wpb_column vc_main_column vc_column_container vc_col-sm-3 typo-default\"><div class=\"tpath-column-inner-wrapper vc_column-inner bg-style column-bg-default\"><div class=\"wpb_wrapper\"><\/div><\/div><\/div><div class=\"wpb_column vc_main_column vc_column_container vc_col-sm-6 typo-default\"><div class=\"tpath-column-inner-wrapper vc_column-inner bg-style column-bg-default\"><div class=\"wpb_wrapper\"><div class=\"tpath-blockquote-block text-center\"><div class=\"blockquote-text\"><\/p>\n<h5>For years, the Association of A\u0160C, as the main organizer of the Summer3p Festival, organizes various social and environmental campaigns with the aim of influencing the given problem through activities of associations and communities<\/h5>\n<p><\/div><\/div><\/div><\/div><\/div><div class=\"wpb_column vc_main_column vc_column_container vc_col-sm-3 typo-default\"><div class=\"tpath-column-inner-wrapper vc_column-inner bg-style column-bg-default\"><div class=\"wpb_wrapper\"><\/div><\/div><\/div><\/div><\/div><\/div><\/div><div class=\"vc_row wpb_row vc_row-fluid tpath-vc-section bg-style tpath-standard bg-shapecolor-tpath-standard\"><div class=\"tpath-row-inner-wrapper\"><div class=\"container\"><div class=\"row\"><div class=\"wpb_column vc_main_column vc_column_container vc_col-sm-4 typo-default\"><div class=\"tpath-column-inner-wrapper vc_column-inner bg-style column-bg-default\"><div class=\"wpb_wrapper\"><div class=\"tpath-feature-box feature-box-style style-title-top-icon style-sep-yes  clearfix\" id=\"feature-box-1\"><div class=\"grid-item\"><div class=\"grid-icon-box\"><div class=\"grid-box-inner grid-icon-box-wrapper grid-box-exlarge grid-box-icon-none  grid-icon-box-center\"><div class=\"grid-icon-box-title\"><div class=\"grid-icon-wrapper no-hover shape-icon-none\"><i class=\"flaticon flaticon-planet-1 grid-icon tpath-icon icon-none icon-skin-default icon-bg pattern-1 icon-exlarge\"><\/i><\/div><h2 class=\"grid-title\" >Clean lake Palic<\/h2><\/div><div class=\"clearfix\"><\/div><div class=\"grid-icon-box-content\"><div class=\"grid-desc\" ><p>\"Clean the Lake Palic\" is a project of protecting the biodiversity of the Pali\u0107 and Luda\u0161 lakes and reached the level of the interstate project, which has a full charge from the Government of Germany and the Government of Serbia through the German Ministry for Economic Cooperation and Development.<\/p>\n<p>The agreement was signed on 27.11.2015. and the amount of \u20ac 6.5 million donation for the implementation of this project.<\/p>\n<\/div><\/div><\/div><\/div><\/div><\/div><\/div><\/div><\/div><div class=\"wpb_column vc_main_column vc_column_container vc_col-sm-4 typo-default\"><div class=\"tpath-column-inner-wrapper vc_column-inner bg-style column-bg-default\"><div class=\"wpb_wrapper\"><div class=\"tpath-feature-box feature-box-style style-title-top-icon style-sep-yes  clearfix\" id=\"feature-box-2\"><div class=\"grid-item\"><div class=\"grid-icon-box\"><div class=\"grid-box-inner grid-icon-box-wrapper grid-box-exlarge grid-box-icon-none  grid-icon-box-center\"><div class=\"grid-icon-box-title\"><div class=\"grid-icon-wrapper no-hover shape-icon-none\"><i class=\"fa fa-hand-paper-o grid-icon tpath-icon icon-none icon-skin-default icon-bg pattern-1 icon-exlarge\"><\/i><\/div><h2 class=\"grid-title\" >Stop the violence!<\/h2><\/div><div class=\"clearfix\"><\/div><div class=\"grid-icon-box-content\"><div class=\"grid-desc\" ><p>Stop the Violence campaign was created 10 years ago and has since evolved along with the Summer3p festival. The idea was to do something about the problem of segregation of different ethnic groups going out and partying in Subotica and its surroundings.<\/p>\n<p>We have created an event and a space that connects and enables interaction of young people, through entertainment, music and activism. Thanks to a special &gt;recipe&lt;, there was never a single incident at the Summer3p festival, although we gather around 8000-10000 people every year.<\/p>\n<\/div><\/div><\/div><\/div><\/div><\/div><\/div><\/div><\/div><div class=\"wpb_column vc_main_column vc_column_container vc_col-sm-4 typo-default\"><div class=\"tpath-column-inner-wrapper vc_column-inner bg-style column-bg-default\"><div class=\"wpb_wrapper\"><div class=\"tpath-feature-box feature-box-style style-title-top-icon style-sep-yes  clearfix\" id=\"feature-box-3\"><div class=\"grid-item\"><div class=\"grid-icon-box\"><div class=\"grid-box-inner grid-icon-box-wrapper grid-box-exlarge grid-box-icon-none  grid-icon-box-center\"><div class=\"grid-icon-box-title\"><div class=\"grid-icon-wrapper no-hover shape-icon-none\"><i class=\"fa fa-envira grid-icon tpath-icon icon-none icon-skin-default icon-bg pattern-1 icon-exlarge\"><\/i><\/div><h2 class=\"grid-title\" >Protect the nature<\/h2><\/div><div class=\"clearfix\"><\/div><div class=\"grid-icon-box-content\"><div class=\"grid-desc\" ><p>Through presentation of different ways of separation of waste and recycling, as well as renewable energy sources, during the last seven years we have tried to influence young people and raise their awareness regarding the necessity for each individual, with his\/her activism, to contribute to preserving our environment.<\/p>\n<p>The most recognizable project we have implemented so far is the public space sculpture &gt;Fish- insert a can, complete the sculptureRecycled public lighting&lt;.<\/p>\n<\/div><\/div><\/div><\/div><\/div><\/div><\/div><\/div><\/div><\/div><\/div><\/div><\/div>\n<\/section>","protected":false},"excerpt":{"rendered":"Godinama unazad Udru\u017eenje A\u0160C, kao glavni organizator Summer3p festivala, organizuje razne dru\u0161tvene i ekolo\u0161ke kampanje, s ciljem uticanja na dati problem kroz aktivnosti udru\u017eenja i zajednice O\u010distimo jezero Pali\u0107\u201cO\u010distimo jezero...","protected":false},"author":1,"featured_media":0,"parent":11,"menu_order":0,"comment_status":"closed","ping_status":"closed","template":"","meta":{"footnotes":""},"class_list":["post-48","page","type-page","status-publish","hentry"],"_links":{"self":[{"href":"https:\/\/summer3p.org\/en\/wp-json\/wp\/v2\/pages\/48","targetHints":{"allow":["GET"]}}],"collection":[{"href":"https:\/\/summer3p.org\/en\/wp-json\/wp\/v2\/pages"}],"about":[{"href":"https:\/\/summer3p.org\/en\/wp-json\/wp\/v2\/types\/page"}],"author":[{"embeddable":true,"href":"https:\/\/summer3p.org\/en\/wp-json\/wp\/v2\/users\/1"}],"replies":[{"embeddable":true,"href":"https:\/\/summer3p.org\/en\/wp-json\/wp\/v2\/comments?post=48"}],"version-history":[{"count":7,"href":"https:\/\/summer3p.org\/en\/wp-json\/wp\/v2\/pages\/48\/revisions"}],"predecessor-version":[{"id":658,"href":"https:\/\/summer3p.org\/en\/wp-json\/wp\/v2\/pages\/48\/revisions\/658"}],"up":[{"embeddable":true,"href":"https:\/\/summer3p.org\/en\/wp-json\/wp\/v2\/pages\/11"}],"wp:attachment":[{"href":"https:\/\/summer3p.org\/en\/wp-json\/wp\/v2\/media?parent=48"}],"curies":[{"name":"wp","href":"https:\/\/api.w.org\/{rel}","templated":true}]}}

<section class="wpb-content-wrapper"><div class="vc_row wpb_row vc_row-fluid tpath-vc-section bg-style tpath-standard bg-shapecolor-tpath-standard"><div class="tpath-row-inner-wrapper"><div class="container"><div class="row"><div class="wpb_column vc_main_column vc_column_container vc_col-sm-12 typo-default"><div class="tpath-column-inner-wrapper vc_column-inner bg-style column-bg-default"><div class="wpb_wrapper"><div class="wpb_images_carousel wpb_content_element vc_clearfix"><div class="wpb_wrapper"><div id="vc_images-carousel-1-1777798678" data-ride="vc_carousel" data-wrap="false" style="width: 100%;" data-interval="0" data-auto-height="yes" data-mode="horizontal" data-partial="false" data-per-view="1" data-hide-on-end="true" class="vc_slide vc_images_carousel"><ol class="vc_carousel-indicators"><li data-target="#vc_images-carousel-1-1777798678" data-slide-to="0"></li><li data-target="#vc_images-carousel-1-1777798678" data-slide-to="1"></li><li data-target="#vc_images-carousel-1-1777798678" data-slide-to="2"></li></ol><div class="vc_carousel-inner"><div class="vc_carousel-slideline"><div class="vc_carousel-slideline-inner"><div class="vc_item"><div class="vc_inner"><a class="" href="https://summer3p.org/wp-content/uploads/2018/04/ocistimo-jezero.jpg" data-lightbox="lightbox[rel-48-3023693437]" data-rel="lightbox-image-bGlnaHRib3gtaW1hZ2UtMA==" data-rl_title="" data-rl_caption=""><img loading="lazy" decoding="async" width="960" height="640" src="https://summer3p.org/wp-content/uploads/2018/04/ocistimo-jezero.jpg" class="attachment-full" alt="" title="" srcset="https://summer3p.org/wp-content/uploads/2018/04/ocistimo-jezero.jpg 960w, https://summer3p.org/wp-content/uploads/2018/04/ocistimo-jezero-300x200.jpg 300w, https://summer3p.org/wp-content/uploads/2018/04/ocistimo-jezero-768x512.jpg 768w" sizes="auto, (max-width: 960px) 100vw, 960px" /></a></div></div><div class="vc_item"><div class="vc_inner"><a class="" href="https://summer3p.org/wp-content/uploads/2018/04/stop-nasilju.jpg" data-lightbox="lightbox[rel-48-3023693437]" data-rel="lightbox-image-bGlnaHRib3gtaW1hZ2UtMQ==" data-rl_title="" data-rl_caption=""><img loading="lazy" decoding="async" width="960" height="618" src="https://summer3p.org/wp-content/uploads/2018/04/stop-nasilju.jpg" class="attachment-full" alt="" title="" srcset="https://summer3p.org/wp-content/uploads/2018/04/stop-nasilju.jpg 960w, https://summer3p.org/wp-content/uploads/2018/04/stop-nasilju-300x193.jpg 300w, https://summer3p.org/wp-content/uploads/2018/04/stop-nasilju-768x494.jpg 768w" sizes="auto, (max-width: 960px) 100vw, 960px" /></a></div></div><div class="vc_item"><div class="vc_inner"><a class="" href="https://summer3p.org/wp-content/uploads/2018/04/60-1024x683.jpg" data-lightbox="lightbox[rel-48-3023693437]" data-rel="lightbox-image-bGlnaHRib3gtaW1hZ2UtMg==" data-rl_title="" data-rl_caption=""><img loading="lazy" decoding="async" width="1024" height="683" src="https://summer3p.org/wp-content/uploads/2018/04/60.jpg" class="attachment-full" alt="" title="" srcset="https://summer3p.org/wp-content/uploads/2018/04/60.jpg 1024w, https://summer3p.org/wp-content/uploads/2018/04/60-300x200.jpg 300w, https://summer3p.org/wp-content/uploads/2018/04/60-768x512.jpg 768w" sizes="auto, (max-width: 1024px) 100vw, 1024px" /></a></div></div></div></div></div><a class="vc_left vc_carousel-control" href="#vc_images-carousel-1-1777798678" data-slide="prev"><span class="icon-prev"></span></a><a class="vc_right vc_carousel-control" href="#vc_images-carousel-1-1777798678" data-slide="next"><span class="icon-next"></span></a></div></div></div></div></div></div></div></div></div></div><div class="vc_row wpb_row vc_row-fluid tpath-vc-section bg-style tpath-standard bg-shapecolor-tpath-standard"><div class="tpath-row-inner-wrapper"><div class="container"><div class="row"><div class="wpb_column vc_main_column vc_column_container vc_col-sm-3 typo-default"><div class="tpath-column-inner-wrapper vc_column-inner bg-style column-bg-default"><div class="wpb_wrapper"></div></div></div><div class="wpb_column vc_main_column vc_column_container vc_col-sm-6 typo-default"><div class="tpath-column-inner-wrapper vc_column-inner bg-style column-bg-default"><div class="wpb_wrapper"><div class="tpath-blockquote-block text-center"><div class="blockquote-text"></p>
<h5>For years, the Association of AŠC, as the main organizer of the Summer3p Festival, organizes various social and environmental campaigns with the aim of influencing the given problem through activities of associations and communities</h5>
<p></div></div></div></div></div><div class="wpb_column vc_main_column vc_column_container vc_col-sm-3 typo-default"><div class="tpath-column-inner-wrapper vc_column-inner bg-style column-bg-default"><div class="wpb_wrapper"></div></div></div></div></div></div></div><div class="vc_row wpb_row vc_row-fluid tpath-vc-section bg-style tpath-standard bg-shapecolor-tpath-standard"><div class="tpath-row-inner-wrapper"><div class="container"><div class="row"><div class="wpb_column vc_main_column vc_column_container vc_col-sm-4 typo-default"><div class="tpath-column-inner-wrapper vc_column-inner bg-style column-bg-default"><div class="wpb_wrapper"><div class="tpath-feature-box feature-box-style style-title-top-icon style-sep-yes  clearfix" id="feature-box-1"><div class="grid-item"><div class="grid-icon-box"><div class="grid-box-inner grid-icon-box-wrapper grid-box-exlarge grid-box-icon-none  grid-icon-box-center"><div class="grid-icon-box-title"><div class="grid-icon-wrapper no-hover shape-icon-none"><i class="flaticon flaticon-planet-1 grid-icon tpath-icon icon-none icon-skin-default icon-bg pattern-1 icon-exlarge"></i></div><h2 class="grid-title" >Clean lake Palic</h2></div><div class="clearfix"></div><div class="grid-icon-box-content"><div class="grid-desc" ><p>"Clean the Lake Palic" is a project of protecting the biodiversity of the Palić and Ludaš lakes and reached the level of the interstate project, which has a full charge from the Government of Germany and the Government of Serbia through the German Ministry for Economic Cooperation and Development.</p>
<p>The agreement was signed on 27.11.2015. and the amount of € 6.5 million donation for the implementation of this project.</p>
</div></div></div></div></div></div></div></div></div><div class="wpb_column vc_main_column vc_column_container vc_col-sm-4 typo-default"><div class="tpath-column-inner-wrapper vc_column-inner bg-style column-bg-default"><div class="wpb_wrapper"><div class="tpath-feature-box feature-box-style style-title-top-icon style-sep-yes  clearfix" id="feature-box-2"><div class="grid-item"><div class="grid-icon-box"><div class="grid-box-inner grid-icon-box-wrapper grid-box-exlarge grid-box-icon-none  grid-icon-box-center"><div class="grid-icon-box-title"><div class="grid-icon-wrapper no-hover shape-icon-none"><i class="fa fa-hand-paper-o grid-icon tpath-icon icon-none icon-skin-default icon-bg pattern-1 icon-exlarge"></i></div><h2 class="grid-title" >Stop the violence!</h2></div><div class="clearfix"></div><div class="grid-icon-box-content"><div class="grid-desc" ><p>Stop the Violence campaign was created 10 years ago and has since evolved along with the Summer3p festival. The idea was to do something about the problem of segregation of different ethnic groups going out and partying in Subotica and its surroundings.</p>
<p>We have created an event and a space that connects and enables interaction of young people, through entertainment, music and activism. Thanks to a special &gt;recipe&lt;, there was never a single incident at the Summer3p festival, although we gather around 8000-10000 people every year.</p>
</div></div></div></div></div></div></div></div></div><div class="wpb_column vc_main_column vc_column_container vc_col-sm-4 typo-default"><div class="tpath-column-inner-wrapper vc_column-inner bg-style column-bg-default"><div class="wpb_wrapper"><div class="tpath-feature-box feature-box-style style-title-top-icon style-sep-yes  clearfix" id="feature-box-3"><div class="grid-item"><div class="grid-icon-box"><div class="grid-box-inner grid-icon-box-wrapper grid-box-exlarge grid-box-icon-none  grid-icon-box-center"><div class="grid-icon-box-title"><div class="grid-icon-wrapper no-hover shape-icon-none"><i class="fa fa-envira grid-icon tpath-icon icon-none icon-skin-default icon-bg pattern-1 icon-exlarge"></i></div><h2 class="grid-title" >Protect the nature</h2></div><div class="clearfix"></div><div class="grid-icon-box-content"><div class="grid-desc" ><p>Through presentation of different ways of separation of waste and recycling, as well as renewable energy sources, during the last seven years we have tried to influence young people and raise their awareness regarding the necessity for each individual, with his/her activism, to contribute to preserving our environment.</p>
<p>The most recognizable project we have implemented so far is the public space sculpture &gt;Fish- insert a can, complete the sculptureRecycled public lighting&lt;.</p>
</div></div></div></div></div></div></div></div></div></div></div></div></div>
</section>

Godinama unazad Udruženje AŠC, kao glavni organizator Summer3p festivala, organizuje razne društvene i ekološke kampanje, s ciljem uticanja na dati problem kroz aktivnosti udruženja i zajednice Očistimo jezero Palić“Očistimo jezero...
